+ i*l - z. Calculate the remainder when 37 is divided by l.
7
What is the remainder when 158 is divided by 2 + 45 + -5 + (-4)/2?
38
Suppose -4*w = w - i - 15, -i = -w + 3. Suppose 0 = -w*o + 5*o - 32. Calculate the remainder when (47 - 0) + -3 + -13 + -12 + 25 is divided by o.
12
Suppose 15 = 4*i + 3. Let y(d) = -3 + 1 + 1 - 2 - 10*d. Calculate the remainder when y(-1) is divided by i.
1
Suppose -42 = -3*m + 87. Let c(s) = 7*s + 11. Let h be c(1). Let u = m - h. What is the remainder when u is divided by 13?
12
Let x(q) = -168*q + 132. Calculate the remainder when x(0) is divided by 57.
18
Let v = -15 - -5. Let b be 5 - 5/(v/(-4)). Suppose -y - b*y - 4*h + 48 = 0, 2*h - 48 = -5*y. What is the remainder when 13 is divided by y?
5
Let o = 284 + -265. Calculate the remainder when 278 is divided by o.
12
Let s = 28 + -18. Let v be 230*(2 + (-4)/s). Suppose 0*k - v = -4*k. What is the remainder when k is divided by 19?
16
Calculate the remainder when 113 is divided by -5 - -213*(-3)/(-9).
47
Suppose -k = 1 - 0. Let j = k + 20. Let d(a) = a**3 + 8*a**2 - 6*a + 8. What is the remainder when d(-8) is divided by j?
18
Let x be (-1*2)/((-5)/190). Suppose -5*w + x = 11. Suppose -2*t = -0*t - 5*i - 18, 4*t - 14 = -i. Calculate the remainder when w is divided by t.
1
Let f(g) = g**3 + g**2 + 94. Suppose a = 6 - 6. Calculate the remainder when f(a) is divided by 16.
14
Suppose -60*z + 30322 = -74138. What is the remainder when z is divided by 83?
81
Let j be ((-2)/(-3))/(-7*7/(-588)). Suppose j*m = -m + 306. Calculate the remainder when m is divided by 9.
7
Let x(a) = -a**2 - a + 13. Suppose -2*u = -10, 17*c - 20*c + 227 = u. Calculate the remainder when c is divided by x(0).
9
Suppose 3*p - 4*p + 83 = -5*k, -3*p + 3*k + 225 = 0. Calculate the remainder when p is divided by 20.
13
Let q(a) = -a**3 - 4*a**2 + 21*a + 16. Suppose -3*j = 2*f - 31, 0*j - j + 13 = 2*f. Suppose z = 2*z - j. What is the remainder when q(-7) is divided by z?
7
Let q(m) = -m**3 + 7*m**2 + 4*m - 9. Let y be q(7). Let x = -9 + 9. Let j = y + x. What is the remainder when j is divided by 4?
3
Let u = -39 + 87. Calculate the remainder when u is divided by (34/(-6))/(15/(-45)).
14
Let m(c) = -c + 54. Let l(t) = t**2 - 16*t + 15. Let g be l(15). Let f be m(g). Let s = f + -34. What is the remainder when 76 is divided by s?
16
Let o be 2*(0 + 1/(-2)). Let d be (1 + -1)*o/2. Suppose d = -l + w + 17, 4*l - 2*w + 71 = 9*l. What is the remainder when l is divided by 10?
5
Let w = -16 + 16. Let b be w - 0*5/25. Suppose 4*z = -3*f + 41, b*z - 3*f + 1 = -z. Calculate the remainder when 20 is divided by z.
4
Suppose -w = f - 186, -3*w + 753 = 4*f - 2*w. Suppose 483 - f = 14*c. Calculate the remainder when 37 is divided by c.
16
Suppose -16 = 2*a - 6*a - 4*f, a = 2*f + 4. Let s(k) = a*k**2 - 1 + 0 + 3*k + 0*k**2. Calculate the remainder when s(-3) is divided by 7.
5
Let h(c) = 2*c**3 - 19*c**2 + 6*c - 71. Calculate the remainder when h(10) is divided by 18.
17
Let o = 346 + -330. What is the remainder when 92 is divided by o?
12
Let m(k) = 4*k**3 + 0*k**2 - 3*k + 0*k**2 - 2*k**3 + 7*k**2 - 2. Let p be m(5). Suppose -p = -0*b - 4*b. What is the remainder when b is divided by 26?
24
Let a = -72 - -141. Suppose 0 = -x + a - 12. Calculate the remainder when x is divided by 29.
28
Let c = 41 + -19. Let f = c - 18. Suppose f*q = -5*x + 49, -4*x + 5*q = 2*q - 64. Calculate the remainder when 38 is divided by x.
12
Suppose -10*z + 18 = -72. What is the remainder when 30 is divided by z?
3
Suppose -5*c - 27 = -2*j, -4*j - 16 = -2*c - 94. Let y = 885 - 881. Calculate the remainder when j is divided by y.
1
Let o(b) = 57*b**2 - 7*b + 6. Calculate the remainder when o(1) is divided by 10.
6
Let g be (-40)/180 - 938/(-9). Suppose 5*p - 3*c + 35 - 207 = 0, -3*p + 2*c = -g. Calculate the remainder when p is divided by 12.
8
Let z be 10/(-35) + (-60)/(-14). Suppose -21 = -z*f - 1. Suppose 0 = -f*b + 382 - 97. Calculate the remainder when b is divided by 12.
9
Let x(i) = -307*i + 32. Let f(j) = 153*j - 15. Let h(y) = 9*f(y) + 4*x(y). What is the remainder when h(2) is divided by 49?
46
Suppose -3*r + 419 = -4*n, n - 158 = -r + 6*n. Let k = r - 39. What is the remainder when k is divided by 24?
22
What is the remainder when 26 is divided by 18/2 - (7 + -9)?
4
Suppose 0 = 6*r - 2 - 46. Let a(n) = 27*n**2 + n. Calculate the remainder when (-2)/r - 405/(-4) is divided by a(-1).
23
Calculate the remainder when (-68)/10*(82 + -107) is divided by 65.
40
Let m be 7/((-28)/(-16)) + (-4)/4. Suppose 2*h - 135 = 2*n - 399, -2*n = -m*h - 266. What is the remainder when n is divided by 22?
20
Suppose 192*q = 196*q - 264. What is the remainder when q is divided by 18?
12
Suppose -i - 3*i = 2*b - 118, -i = 4*b - 201. Calculate the remainder when b is divided by 38.
11
Let l(q) = q**2 + 13*q - 328. Let i = -18 - -45. What is the remainder when i is divided by l(-26)?
7
Let c = -14 + -8. Let x = c - 66. Let h = -59 - x. Calculate the remainder when 57 is divided by h.
28
Suppose 3*j = -3*i + 30, j = -j - 4*i + 14. Calculate the remainder when 2*(2/(-4))/((-2)/148) is divided by j.
9
Suppose 0 = 2*l - 3*l - 2, 2*a + 4*l = 8. What is the remainder when a is divided by (9/(-15))/(1/(-5))?
2
Let q(k) = -13*k**2 - 2*k. Let s be q(1). Let p = 19 + s. What is the remainder when p is divided by 1?
0
Suppose -f + c - 4 = -10, -5*f + 58 = 2*c. What is the remainder when f - (-2)/4*-2 is divided by 6?
3
Let l = 2935 + -2865. Calculate the remainder when 309 is divided by l.
29
Let w be 146/(-4) - (-9)/18. Let t = -32 - w. Calculate the remainder when 27 is divided by t.
3
Let z(p) = p**3 + 11*p**2 + 47. What is the remainder when 278 is divided by z(-11)?
43
Let z be -7 + -3*1/3. Let d = z - -41. Calculate the remainder when d is divided by 17.
16
Suppose 2*l - 1064 = -3*i, 30*l + 362 = i + 27*l. What is the remainder when i is divided by 26?
18
Suppose 14 + 6 = -5*t, 4*l = 2*t + 380. What is the remainder when l is divided by 16?
13
Let u(s) = -s**3 + 13*s**2 + 15*s + 5. What is the remainder when u(14) is divided by 6/27 - (-129)/27?
4
Suppose -3*o + 11 = -l + 5, -8 = -2*o + 2*l. Calculate the remainder when 22 is divided by o.
0
Calculate the remainder when (18/(-24) + 25/60)*-87 is divided by 16.
13
Let v(x) = -x - 1. Let q be v(-3). Suppose 0 = 2*u, -q*t + u - 2*u = -4. What is the remainder when t is divided by 2?
0
Let v be 0 - 6/39 - 656/(-208). Suppose -6 = v*s, 0*s + 2*s - 68 = -4*a. Calculate the remainder when 19 is divided by a.
1
Let w(y) be the first derivative of -y**3/3 - 9*y**2/2 + 2*y + 10. What is the remainder when w(-8) is divided by 5?
0
Calculate the remainder when 309 is divided by 2*(-12)/(-5 - -3).
9
Suppose 591*y - 576*y = 3855. What is the remainder when y is divided by 33?
26
Suppose -283*s = -276*s - 336. What is the remainder when s is divided by 16?
0
Suppose -14*q - 96 = -2*q. Let y = 17 + -34. Let i = q - y. What is the remainder when i is divided by 3?
0
Suppose -4*w + 203 = 5*n, 5*n - 163 = n - 3*w. Calculate the remainder when n is divided by 13.
4
Let i = 76 + -46. Suppose -2*l + 0*l + 5*c + 12 = 0, l - 5 = 2*c. Calculate the remainder when i is divided by 7/(28/60) + l.
14
Let w = -272 - -1495. What is the remainder when w is divided by 34?
33
Let z be (-2)/(-8) - (-1)/(-4). Suppose -2*t - 1 + 17 = z. Let b(n) = -n**2 - 12*n + 2. What is the remainder when b(-9) is divided by t?
5
Let p(v) = -2*v - 1. Calculate the remainder when 4/(-8)*29*-2 is divided by p(-8).
14
Let q be 2*113 + (11 - 4) + -4. Suppose 11*j - q - 2 = 0. Suppose 0*z - 2*z + 16 = 0. What is the remainder when j is divided by z?
5
Suppose -115 = -4*h + 3*n, 113 = 2*h + 2*h - n. What is the remainder when h is divided by 22?
6
Let p be (8/(-24))/((-2)/(-174)). Let m = p + 33. Suppose 3*n = -2*t + 69, -3*t + m = -5. What is the remainder when 83 is divided by n?
20
Let a(n) = 26*n - 1. Let d = -876 + 902. What is the remainder when a(4) is divided by d?
25
Let p(u) = u**3 - 7*u**2 + 5*u - 2. Let j be p(6). Let y = j + 19. Calculate the remainder when 31 is divided by y.
9
Let z(t) = 77*t - 109. What is the remainder when z(6) is divided by 4?
1
Suppose -2*n + 72 = -2*s, -2*n + 3*s = -n - 36. What is the remainder when 71 is divided by 